. Calculate the greatest common divisor of 5 and l.
1
Let h = 17 - 16. What is the highest common divisor of h and 3?
1
Suppose n - 10 = -2. What is the highest common divisor of n and 56?
8
Suppose 4*w = 2*w - 122. Let m = w + 32. Let o = m + 69. What is the greatest common divisor of o and 5?
5
Suppose -2 - 7 = -j. Suppose -4*b = -j + 1. Let k = 9 - -5. What is the highest common factor of b and k?
2
Let t(k) = 53*k**2 - k + 1. Suppose -4*n + 1 = -3. Let i be t(n). Let w = 79 - i. What is the highest common divisor of w and 39?
13
Let u be ((-28)/1)/(-9 + 7). Calculate the highest common divisor of 70 and u.
14
Let n = -7 - -12. Suppose 810 = 5*l - n*f, l - f = -4*f + 162. Suppose -5 = -4*r + 67. What is the greatest common factor of r and l?
18
Let l(x) = -39*x - 19. Let y be l(-5). Suppose -5*q + 50 + 30 = 0. What is the highest common divisor of q and y?
16
Suppose -3*m = -x - 12, -4*m + 0*x = -4*x - 24. Suppose -6*h = -h. Suppose 153 = m*v - h*v. Calculate the highest common divisor of 17 and v.
17
Let p(y) = y**3 + 4*y**2 + 2*y - 2. Let f be p(-3). What is the greatest common factor of 1 and f?
1
Let v = -324 - -511. Let a(u) = 8*u**2 - 3*u**3 - 3*u + 0*u**3 - 7 + 4*u**3. Let y be a(-8). What is the greatest common divisor of v and y?
17
Let v be 87/1 - 1/(-1). Calculate the highest common factor of v and 22.
22
Suppose 3*o + 125 + 175 = 0. Let s = 230 + o. Calculate the greatest common divisor of s and 13.
13
Let b = -37 - -65. What is the greatest common divisor of 14 and b?
14
Let v(w) = -7*w + 2. Let y be v(-4). Suppose 0 = -t + q + y, -71 - 15 = -3*t + 2*q. Calculate the greatest common factor of t and 13.
13
Suppose -5*l + 3*v = -122, l + 3*v - 10 = -0*l. What is the greatest common divisor of 176 and l?
22
Let r(i) = 2*i**2 + i - 3. Let o be r(2). Calculate the greatest common factor of o and 91.
7
Suppose 12*n = 26 + 22. Calculate the highest common factor of n and 16.
4
Let v be (-114)/(-10) - (-30)/50. Calculate the greatest common divisor of v and 12.
12
Let f(k) = k**3 - 11*k**2 - 3*k - 9. Let q be 15/1 - (-1 - -4). Let j be f(q). Calculate the greatest common factor of 9 and j.
9
Suppose -32 = -6*z + 4. Calculate the greatest common divisor of z and 21.
3
Let z(h) = 3*h**3 - 4*h**2 + 5*h - 4. Let f be z(2). Calculate the highest common factor of f and 28.
14
Let x = 11 - 7. Let t = -43 - -61. Let k be 1/(2 - 33/t). What is the highest common factor of k and x?
2
Suppose -4 = u - 2*l - 1, -3*l = -4*u - 12. Let i be (-4)/u*(-3)/(-2). Let f be (-66)/(-14) + i/7. Calculate the greatest common factor of f and 2.
1
Suppose 0 = 2*j - 5*j + 48. Calculate the highest common divisor of j and 40.
8
Let t be 8*2/(8/3). Let h(m) = -m**2 + 3. Let s be h(0). Let v(r) = 2*r**2. Let b be v(s). Calculate the highest common divisor of b and t.
6
Suppose -c = -0 - 2. What is the greatest common divisor of c and 22?
2
Suppose -94 - 14 = -3*a. Suppose 45 = 2*n - 3*r, 4*n + 0*r + 3*r = 63. Calculate the greatest common factor of n and a.
18
Suppose 6*x - 119 = -41. What is the greatest common factor of x and 39?
13
Let n(f) = -143*f. Suppose 4*l - 3*p + 7 = 2*l, l + 5*p - 3 = 0. Let t be ((-3)/6)/(l/(-4)). Let c be n(t). Calculate the greatest common factor of c and 13.
13
Suppose -11*i + 549 = -969. Calculate the highest common factor of i and 92.
46
Let k(q) = -q**2 + 7*q - 4. Let p be k(6). Let j(g) = 2*g - 8. Let x be j(8). Calculate the highest common factor of p and x.
2
Suppose -72 = -3*v - v. Let c = 94 + -49. What is the greatest common divisor of v and c?
9
Let g be 0 + 13 + (-4 - -2). Calculate the greatest common divisor of 88 and g.
11
Let y be 12 + (-3)/(1 + 2). Suppose -2*w + 77 = -w. Calculate the greatest common divisor of w and y.
11
Let t(o) = -16*o. Let d be t(-6). Suppose 8*y - d = 4*y. Calculate the greatest common divisor of 36 and y.
12
Suppose -2*l + 3*l + t - 12 = 0, 0 = t + 2. Suppose 0*k - 8 = -2*k, 0 = -f + k + 20. Let c be 14/(75/f + -3). Calculate the greatest common divisor of c and l.
14
Let s be (-180)/(-25)*(-3 + (-98)/(-21)). Let z be -1 + 1/(0 - -1). Suppose z = c - 0*c - 18. Calculate the greatest common factor of s and c.
6
Let r be -2*(-5)/(5/8). Let n(q) = q - 2 + 5*q + 0*q. Let m be n(7). Calculate the greatest common divisor of r and m.
8
Let k = -9 + 17. What is the greatest common factor of 8 and k?
8
Let s be ((-28)/(-35))/(4/30). Calculate the highest common factor of s and 66.
6
Let j be (2/5)/(2/10). Suppose -j*c + 5*c - 18 = 0. Calculate the greatest common divisor of c and 12.
6
Suppose -3 = -t + 1. Let o = 6 + -5. What is the greatest common divisor of o and t?
1
Let s = 8 - 2. Suppose -3*f - s = -0*f, 2*h = 5*f + 14. What is the greatest common divisor of h and 4?
2
Let r(x) = -x + 4. Let z be r(4). Suppose -4*f + 8 = -0*f. Suppose f*k + 0 - 56 = z. Calculate the highest common divisor of 4 and k.
4
Let i = -9 - -26. Calculate the highest common divisor of 119 and i.
17
Let p = 1 - -7. Let j(h) = 3*h - 5. Let q be j(7). Calculate the greatest common factor of q and p.
8
Let q(f) = f - 1. Let w be q(2). Let k = w - -1. Let r be (-22)/k*(-1 + 0). What is the highest common divisor of r and 1?
1
Let h(l) = 20*l + 2. Let j be h(1). What is the greatest common divisor of j and 33?
11
Let w be (0*1/(-2))/(-1). Suppose 69 = 3*v + 3*q, w = 5*v + 4*q + 2 - 122. Suppose -3*g = -6 - 36. What is the highest common divisor of v and g?
14
Suppose 5 - 53 = -3*y - 4*c, -3*c = y - 16. Suppose 0 = -6*z + 2*z + y. Suppose 57 + 39 = z*d. What is the highest common divisor of d and 12?
12
Suppose 2*s + 3*s = 15. Let c(o) = -o**2 + 9. Let t be c(0). Calculate the highest common divisor of s and t.
3
Let k be (9/2)/((-3)/(-6)). Let d be 7 - 1 - (2 + -3). Suppose -d*p = -2*p - 360. What is the greatest common divisor of k and p?
9
Suppose 5*m + 5*r + 15 = 0, -2*r + 3*r = -4*m. Calculate the greatest common factor of m and 11.
1
Let f(l) = -5*l - 18. Let m be f(-6). What is the greatest common factor of 16 and m?
4
Let p(y) = y - 1. Let f(t) = t - 2. Let l(k) = f(k) - 2*p(k). Let n be l(-1). Calculate the highest common divisor of n and 3.
1
Suppose -20 = -5*z - 0. Suppose -7*p + z*p + 252 = 0. What is the greatest common divisor of p and 28?
28
Let g = -41 + 65. What is the highest common divisor of 6 and g?
6
Suppose -4*x = 5*v - 150, -5*v - 2*x + 33 = -107. What is the greatest common divisor of 65 and v?
13
Let p = -6 + 6. Suppose -2*j = a - p*j - 9, -12 = 3*j. Calculate the highest common factor of a and 51.
17
Let j = -85 + 173. Let m = -4 + 6. Let n be (m + 2 + 0)*2. Calculate the greatest common divisor of n and j.
8
Let q be (3 - -3)/(2/14). Let i(n) = n**2 - 2*n + 3. Let u be i(4). Suppose 4*g = 20, 5*f - 4*f - u = -g. What is the highest common factor of f and q?
6
Suppose -5*d - 3*n + 38 = -77, 0 = 5*d - 4*n - 115. Calculate the greatest common divisor of d and 253.
23
Suppose 2*b = -5*s + b + 9, -7 = -3*s + b. Suppose 0 = -y + 14 - 4. Calculate the greatest common factor of y and s.
2
Let r = 33 + -54. Let f be (-14)/r*(-81)/(-2). What is the highest common factor of 3 and f?
3
Let i(k) = -k**3 + 2*k - 3. Let c be i(2). Let t(d) = -d**2 - 6*d + 9. Let v be t(c). Calculate the greatest common factor of 3 and v.
1
Let g = 6 - 7. Let m be -70 - (g/(-1) - 0). Let a be (-1)/(-1 - 0) - m. Calculate the greatest common divisor of 18 and a.
18
Let d(b) = -6 - 8*b - 1 + 3. Suppose 4*n = -f - 20, 3*n + 4*f = -1 - 1. Let x be d(n). What is the highest common divisor of 11 and x?
11
Let n(p) = -2*p - 12. Let d(q) = -3*q**2 - 3*q + 3. Let k be d(2). Let l be n(k). Calculate the highest common divisor of 90 and l.
18
Suppose 5*j = -0 + 5. Let x(i) = 3*i - i - j + 5*i**2 - 1 - i**3. Let m be x(5). What is the greatest common factor of m and 64?
8
Suppose 5*n + n - 126 = 0. Calculate the greatest common factor of n and 7.
7
Let m = -43 + -3. Let x = 74 + m. Suppose 5*l - 84 = -r, -l + 0*r + x = 3*r. Calculate the highest common divisor of 112 and l.
16
Suppose 3*u - 36 = -u. Let k be 545/20 + (-1)/4. What is the greatest common divisor of k and u?
9
Suppose 6*a - 8*a + 304 = 0. What is the highest common divisor of a and 19?
19
Let y(g) = -g**3 + 5*g**2 + g - 4. Let o be y(5). Let r(p) = 11*p. Let u be r(o). Calculat